he prime factors of 2/12*3*l?
2, 3
Let b = 6 + -4. Suppose -5*n = b*t + 2, -2*n = 5*t - 0*n - 16. Let u = t - -1. List the prime factors of u.
5
Suppose -7*x + 9*x = -g + 116, 0 = 3*g + 6. List the prime factors of x.
59
List the prime factors of 19*3*84/36.
7, 19
Suppose -248 - 232 = -2*f. List the prime factors of f.
2, 3, 5
Let g(z) = 5*z**2 + 3*z - 1. Let y be g(2). Let x = 43 - y. List the prime factors of x.
2, 3
Suppose 0*j = -3*j + 54. What are the prime factors of j?
2, 3
Let k = -3 + 5. Let m = -7 - k. Let v(t) = -t**3 - 9*t**2 - 2*t - 11. List the prime factors of v(m).
7
Suppose w - 7 - 1 = 0. Suppose 5*r = -3*s + 70, s + 2*r - 15 = w. What are the prime factors of s?
5
Let q be 4/(-16) + (-866)/(-8). Suppose -2*b - q = -6*b. List the prime factors of b.
3
Suppose -h = -4 - 0. Suppose 5*o = 2*o + 6. Suppose h*t = o*t + 36. What are the prime factors of t?
2, 3
Suppose 0 = -2*v + v + s + 36, -32 = -v + 3*s. What are the prime factors of v?
2, 19
Suppose 0 = n - 1 - 0. Suppose -2*i + 12 = i. Let b = n + i. What are the prime factors of b?
5
Let p(t) = t**2 + 7*t - 6. Let r be p(-9). Let u be 1/4 - (-33)/r. Suppose -u*b = 6, -q + 5*q + b = 66. What are the prime factors of q?
17
Let m = -10 + 10. Suppose -2*s - 2*s - 3*o + 64 = m, -2*o = -3*s + 31. List the prime factors of s.
13
Suppose 0 = 4*w - 4*z - 0 - 4, -5*z = 4*w + 41. Let k be -1 - (w - -3)*5. Suppose r - k*h + 8 = 0, -46 = -r - 2*r - 2*h. What are the prime factors of r?
2, 3
Let k(r) = -r**2 + 5*r - 4 - r**3 - r - r + 7*r**2. List the prime factors of k(6).
2, 7
Let z(p) = -p**3 + 5*p**2 + 7*p - 1. Let j be (-28)/(-5) + (-2)/(-5). Let g be z(j). Suppose 3*w - 2*w = g. List the prime factors of w.
5
Let t = -211 + 429. What are the prime factors of t?
2, 109
Suppose 2813 = 8*u - 139. What are the prime factors of u?
3, 41
Let w(v) = v + 2. Let o be w(-2). Suppose 4*x = -4*r + 48, o*x - 5*x = 3*r - 44. What are the prime factors of (r/6)/((-5)/(-15))?
2
Let t(y) = 26*y + 34. What are the prime factors of t(9)?
2, 67
Let u = 7 - 3. Suppose -a + 3*z - u = 0, 2*a + 1 = a + 2*z. List the prime factors of a.
5
Let p(g) = -4*g**2 - g - 8 - g + 9 - 5*g**3. Let c be p(-2). Let u = c + -21. What are the prime factors of u?
2
Suppose -d = 2*d - 15. Let x = d - 1. Suppose x*t + t = 55. What are the prime factors of t?
11
Let k be (-8)/12*15*-102. What are the prime factors of k/39 - (-4)/(-26)?
2, 13
Let t(f) = f**3 + 11*f**2 + 2*f + 15. Let l be t(-11). Let w = l + 3. Let y(k) = k**3 + 5*k**2 + 3*k + 2. List the prime factors of y(w).
2, 3
Suppose -5*l + 3*w = -173, -2*w - w + 167 = 5*l. List the prime factors of l.
2, 17
Let t be (-4)/(-14) - 26/(-7). Let c = 5 - t. Suppose 49 = 3*i + c. What are the prime factors of i?
2
What are the prime factors of ((-132)/(-14))/((-20)/(-140))?
2, 3, 11
Let l(s) = -95*s. Let x be l(-3). What are the prime factors of (-2)/3 + x/9?
31
List the prime factors of (4/(-3) + 2)/(2/93).
31
Let f(l) = -l**2 + 7*l - 5. Let d be f(5). Suppose 3*y - 51 = -4*k, d*y + 2*k = 5*k + 56. List the prime factors of y.
13
Suppose 3*w - 1 = 2*w. Let c be (2 + -2)/(w + -2). Suppose c = -5*l + 6*l - 7. List the prime factors of l.
7
What are the prime factors of (-506)/(-14) - (0 - 2/(-14))?
2, 3
Suppose -3*m = -4*j + 8*j - 43, 2 = j - m. Suppose -j*g - 60 = -2*g. Let p = -1 - g. List the prime factors of p.
11
Let a = 6 - -19. List the prime factors of a.
5
Let z(o) = 40*o**2 + 1. List the prime factors of z(1).
41
List the prime factors of 24/(-108) - 958/(-18).
53
Let f be (-1)/((5/4)/5). Let i = f + 11. Let y = -1 + i. What are the prime factors of y?
2, 3
Let t be 21/(-3)*2/(-7). Suppose 0 = -3*r - t + 26. List the prime factors of r.
2
Suppose 2*j + 2*j = 0. Suppose j*k - 4*q - 1 = -k, 0 = 3*k - q - 14. Suppose 0 = 4*u - r - 48, -k*r = 5*u - 2*r - 60. List the prime factors of u.
2, 3
Suppose 0 = -2*x - 3 + 13, -r - 4*x = -54. Let y = r + 13. Suppose -y = -5*i + 3. List the prime factors of i.
2, 5
Let u(n) = 33*n**2 + 3*n. Let b be u(-2). Let w = -68 + b. List the prime factors of w.
2, 29
Let y(r) = -31*r + 1. Let z(b) = 32*b - 1. Let f(w) = -6*y(w) - 5*z(w). What are the prime factors of f(1)?
5
Let f be 4/(-2)*1/(-1). Suppose 35 = -3*a - f*a. Let y = a - -12. What are the prime factors of y?
5
Suppose 3 = q, -3*v + q = -q - 147. Suppose 0 = -b - 3 + v. What are the prime factors of b?
2, 3
Let j = 75 + -13. List the prime factors of j.
2, 31
Let s = 27 + -21. List the prime factors of s.
2, 3
Suppose i = 6*i - 25. Suppose -11 - 169 = -i*u - 5*g, -4*g + 16 = 0. List the prime factors of u.
2
Let o = -88 - -133. List the prime factors of o.
3, 5
Suppose 2*x + 4*x - 480 = 0. What are the prime factors of x?
2, 5
Let f(j) = -2 - j + 5*j - 2. Suppose -4 - 8 = -3*t. What are the prime factors of f(t)?
2, 3
Suppose t = 4*b - 5, 0*b - 4*b + 20 = 4*t. What are the prime factors of b?
2
Suppose -a - 51 = -2*n, 108 = 4*n + a - 5*a. Let k = n + -12. Suppose 0 = -j + 5*f - k - 11, 3*j = 5*f - 19. What are the prime factors of j?
2
Suppose 13 - 3 = 2*u, -4*q - 3*u + 15 = 0. Let k = q - -13. What are the prime factors of k?
13
Suppose 72 = 5*a - 153. What are the prime factors of a?
3, 5
Let y be ((-18)/15)/(1/10). Let i(j) = j - 8. Let r(n) = n. Let s(x) = i(x) - 2*r(x). List the prime factors of s(y).
2
Let s(g) = 45*g - 1. Let w be (-57)/38 + (-5)/(-2). List the prime factors of s(w).
2, 11
Suppose 9 + 21 = -3*b. What are the prime factors of 51*(b/(-3) - 3)?
17
Let x(o) = o**3 - 7*o**2 - 5*o + 12. Let c be x(8). Suppose -2*q = -c - 4. List the prime factors of q.
2, 5
Suppose 4*j + 5 = 169. List the prime factors of j.
41
Let u(d) = -2*d + 4. Let h(s) = 8*s - 15. Let j(l) = 6*h(l) + 22*u(l). List the prime factors of j(10).
2, 19
Let y(p) = p - 3. Let z be y(6). Suppose 0 = -2*h + z*k + 2*k + 22, h - 2*k - 13 = 0. List the prime factors of h.
3, 7
List the prime factors of (1 - -1) + (2 - -41).
3, 5
List the prime factors of (474/(-12))/(((-7)/(-6))/(-7)).
3, 79
Let q be (-34 - 3) + 0/(-2). What are the prime factors of (1 + -2)*q - -2?
3, 13
Suppose -p - 35 = -6*p. Suppose 0 = -0*x + x - p. Let z = x + -2. List the prime factors of z.
5
List the prime factors of 54 - (0 + (-7)/(28/(-8))).
2, 13
Let s = 3 - -12. List the prime factors of s.
3, 5
Let m(k) be the third derivative of 0*k - 1/4*k**4 - 1/60*k**5 + 0 + 2*k**2 + 1/3*k**3. List the prime factors of m(-6).
2
Suppose -3*n = -2*n - 3. Let z = n + -1. What are the prime factors of -1*3/z*-6?
3
Suppose 0 = a + 4*r - 2 + 8, -a + r = 21. List the prime factors of (-238)/a + 4/(-18).
13
Suppose -8*o + 239 = -249. List the prime factors of o.
61
Suppose 3*o = -5*q - 14, 4*q + 14 = o - 2*o. Suppose 2*j = 5*b - 84, -3*j = 5*b + o*j - 70. Suppose b = s + s. What are the prime factors of s?
2
What are the prime factors of (-13938)/(-150) - 4/(-50)?
3, 31
What are the prime factors of (-7)/(14/(-16)) - 0?
2
Let d be -2*(2/(-4) + -1). What are the prime factors of 37/d - (-7)/(-21)?
2, 3
Let m(v) = -v**2. Let k = -6 - -7. Let o be m(k). Let y(q) = 16*q**2 - 1. What are the prime factors of y(o)?
3, 5
Let t = -26 - -51. Suppose 2*m - t = 55. Suppose 0 = 4*h - 9*h + m. What are the prime factors of h?
2
Suppose 4*y - 8*y + 48 = 0. Let n = 19 - y. List the prime factors of n.
7
Suppose 5*q = 3*l + q + 7, 0 = 5*l - q - 11. What are the prime factors of 75/4 - l/(-12)?
19
Let y = 71 + -35. What are the prime factors of y?
2, 3
Let j(o) = 13*o**2 + 2*o - 5. List the prime factors of j(2).
3, 17
List the prime factors of (14 - 0)*3/2.
3, 7
Suppose -3*x + 4 = -2. Let c be (-3)/6 - x/(-4). Suppose -3*f = 4*p - c*f - 39, -4*f = -20. List the prime factors of p.
2, 3
Let l = 3 - 21. Let q(f) = -2*f - 27. List the prime factors of q(l).
3
Suppose 2*c + 120 = 4*c. What are the prime factors of c?
2, 3, 5
Suppose 5*v - 12 = 4*v - m, 4*m - 55 = -5*v. Suppose v*a = 3*a. Suppose 0 = -a*n + n - 14. List the prime factors of n.
2, 7
Suppose -2*i - 2*g = -7 - 1, 0 = 3*i + 4*g - 10. What are the prime factors of i?
2, 3
Suppose -3*p + 30 = 3*m, -30 = -2*p - 0*p - 4*m. Suppose -3*w = -5*w + 2*r + 12, 0 = -p*w - 4*r + 48. Let h = w + -6. What are the prime factors of h?
2
Let h = 206 + -84. What are the prime factors of h?
2, 61
Let x(q) = q**3 